me?
True
Is 49525103 composite?
True
Is 465977 composite?
False
Is 45084947 prime?
True
Is 101618051 prime?
True
Is 18610817 composite?
True
Is 162405527 prime?
False
Is 1487887 prime?
True
Is 4754903 composite?
False
Is 1794127 a composite number?
False
Is 2484173 a prime number?
False
Is 90236809 composite?
True
Is 5695699 a prime number?
False
Is 13419919 a prime number?
False
Is 285225685 prime?
False
Is 38855261 prime?
True
Is 321673237 a prime number?
True
Is 2876437 prime?
False
Is 5873357 composite?
True
Is 93719 a prime number?
True
Is 5521657 prime?
True
Is 4113503 a composite number?
True
Is 908179 a composite number?
False
Is 98335561 prime?
False
Is 1579757 composite?
True
Is 4024901 a composite number?
True
Is 12295117 composite?
False
Is 1276711 a prime number?
True
Is 3427439 a composite number?
False
Is 22573779 composite?
True
Is 180666943 prime?
True
Is 2071897 composite?
False
Is 33717779 a prime number?
True
Is 8764117 a prime number?
True
Is 9309553 prime?
False
Is 23678891 a prime number?
False
Is 57420721 a composite number?
True
Is 47329573 composite?
False
Is 7191913 composite?
True
Is 45145861 a prime number?
True
Is 70633307 prime?
False
Is 1019467 a composite number?
False
Is 1291111 prime?
True
Is 260833 prime?
False
Is 4874837 a composite number?
True
Is 136075757 composite?
True
Is 5450021 a composite number?
False
Is 32811 prime?
False
Is 12987265 composite?
True
Is 76345 a prime number?
False
Is 397283 prime?
True
Is 23086411 prime?
False
Is 532079 prime?
False
Is 489050113 a composite number?
True
Is 16871 prime?
True
Is 53637751 a composite number?
True
Is 4069994 a prime number?
False
Is 1975147 a prime number?
True
Is 58880839 composite?
False
Is 34563561 a prime number?
False
Is 488177399 prime?
False
Is 4490599 prime?
True
Is 1857797 prime?
True
Is 13924489 prime?
False
Is 33711653 composite?
True
Is 254066051 composite?
False
Is 424146729 a prime number?
False
Is 7551149 a prime number?
True
Is 483674923 composite?
True
Is 225853 a composite number?
True
Is 861141 prime?
False
Is 3662299 composite?
True
Is 118455853 composite?
True
Is 12415993 a composite number?
False
Is 1202469 composite?
True
Is 767287 a prime number?
True
Is 548039 prime?
True
Is 17455469 a composite number?
True
Is 51496577 prime?
False
Is 3664499 prime?
True
Is 169061885 composite?
True
Is 88036979 a prime number?
False
Is 25377599 prime?
False
Is 19839763 a prime number?
False
Is 2951239 prime?
False
Is 4918129 a composite number?
False
Is 295000109 prime?
False
Is 73555247 prime?
False
Is 48613973 composite?
True
Is 42787321 composite?
True
Is 725273 a prime number?
True
Is 2206121 composite?
False
Is 1705919 prime?
False
Is 5963119 composite?
False
Is 17638181 a composite number?
True
Is 11001871 prime?
False
Is 5897455 prime?
False
Is 335759893 composite?
True
Is 707809 a composite number?
True
Is 10142879 a prime number?
True
Is 18592603 a prime number?
False
Is 1761863611 a prime number?
False
Is 49108039 a prime number?
True
Is 4668351 a composite number?
True
Is 2204197 composite?
False
Is 699038 prime?
False
Is 39019999 a prime number?
True
Is 1155821 composite?
False
Is 1356187 a prime number?
False
Is 4524209 composite?
False
Is 1098737 prime?
True
Is 126212237 a prime number?
True
Is 2451971 prime?
False
Is 16541251 composite?
False
Is 1500288047 prime?
True
Is 6128387 a prime number?
True
Is 1838081 composite?
True
Is 28990561 a composite number?
True
Is 215686879 prime?
False
Is 215621243 a composite number?
False
Is 30381559 a composite number?
True
Is 18287917 composite?
True
Is 81431233 composite?
True
Is 33637867 composite?
False
Is 1914713 a composite number?
True
Is 274546 a composite number?
True
Is 2928759 a composite number?
True
Is 636611 composite?
True
Is 118838719 composite?
False
Is 958074301 a prime number?
True
Is 93284381 composite?
False
Is 43945945 composite?
True
Is 3021241 composite?
False
Is 19064933 composite?
False
Is 3353149 a prime number?
False
Is 1016489 a prime number?
True
Is 238304999 composite?
False
Is 7827019 a composite number?
False
Is 40313501 prime?
True
Is 14672419 a prime number?
True
Is 22663631 a prime number?
True
Is 21893 a prime number?
True
Is 23169619 prime?
False
Is 146490761 composite?
False
Is 38733623 a prime number?
True
Is 10451257 composite?
True
Is 120448787 composite?
True
Is 158804081 a composite number?
False
Is 6303151 prime?
True
Is 6955619 a composite number?
True
Is 19133989 composite?
True
Is 110627573 composite?
True
Is 2191567 prime?
False
Is 1994557 prime?
False
Is 55679057 prime?
False
Is 7489829 a prime number?
True
Is 5298647 composite?
False
Is 8239003 prime?
True
Is 8559865 a composite number?
True
Is 8799191 composite?
True
Is 3870355 prime?
False
Is 3192811 prime?
False
Is 3384569 a composite number?
False
Is 25291 prime?
False
Is 117879 a prime number?
False
Is 2974777 composite?
True
Is 8517907 composite?
False
Is 4192157 a prime number?
True
Is 64076131 a prime number?
False
Is 416236255 composite?
True
Is 2187901 a prime number?
True
Is 987307 a composite number?
True
Is 4648289 a composite number?
False
Is 43124173 a composite number?
False
Is 9485329 a prime number?
False
Is 330359 a composite number?
False
Is 11901781 composite?
False
Is 1350959 prime?
True
Is 13041089 a composite number?
True
Is 2313889 a prime number?
True
Is 376787 a prime number?
True
Is 3898597 a composite number?
False
Is 244686197 a composite number?
True
Is 264271639 a prime number?
True
Is 1088093 prime?
True
Is 30511519 composite?
False
Is 5441903 a composite number?
False
Is 45481 a composite number?
False
Is 2209231 a composite number?
False
Is 16108879 prime?
False
Is 122907587 prime?
False
Is 24829715 prime?
False
Is 56404627 prime?
False
Is 164449897 composite?
False
Is 7956373 prime?
True
Is 11025181 a prime number?
False
Is 30802318 composite?
True
Is 25939 a prime number?
True
Is 390683 a composite number?
True
Is 3833747 composite?
False
Is 49141307 a composite number?
True
Is 1161749 a prime number?
True
Is 23886131 a composite number?
False
Is 316997437 prime?
True
Is 23683403 prime?
False
Is 1431907 composite?
False
Is 2758169 a composite number?
False
Is 16481029 a composite number?
False
Is 294503227 a composite number?
False
Is 485654321 prime?
True
Is 8071535 a composite number?
True
Is 41100953 composite?
False
Is 529715609 prime?
False
Is 5995867 prime?
True
Is 166231421 a prime number?
False
Is 414248321 a composite number?
False
Is 23472901 composite?
False
Is 803385003 a composite number?
True
Is 42789533 a prime number?
False
Is 22714093 prime?
True
Is 2890057 a composite number?
True
Is 3740747 prime?
True
Is 839700281 a prime number?
False
Is 345335 a prime number?
False
Is 145409073 prime?
False
Is 41479387 a composite number?
True
Is 5643947 composite?
True
Is 11490973 a composite number?
True
Is 43807463 composite?
True
Is 1404059 prime?
True
Is 5975737 prime?
False
Is 13722923 prime?
False
Is 71935873 composite?
True
Is 37787261 composite?
True
Is 95239 composite?
False
Is 740351 composite?
False
Is 5296547 a prime number?
True
Is 1003573 prime?
False
Is 11506619 prime?
True
Is 5318605 a composite number?
True
Is 124341359 prime?
True
Is 51140639 composite?
True
Is 4946299 composite?
False
Is 455947279 composite?
False
Is 8918099 composite?
False
Is 2106737 composite?
False
Is 1940222 a composite number?
True
Is 3885701 a prime number?
False
Is 3583949 prime?
True
Is 169431 a composite number?
True
Is 4709797 a composite number?
False
Is 80312321 a composite number?
False
Is 18528943 a prime number?
True
Is 5890447 a composite number?
False
Is 8984881 prime?
False
Is 60230683 a prime number?
True
Is 24835 composite?
True
Is 122166169 composite?
False
Is 285298111 prime?
False
Is 64083683 composite?
True
Is 22387 composite?
True
Is 48677081 a composite number?
True
Is 27687547 a composite number?
True
Is 465505357 prime?
True
Is 135257 composite?
False
Is 278029 composite?
False
Is 18140093 prime?
True
Is 10678907 composite?
True
Is 59844943 prime?
True
Is 1287311 prime?
False
Is 55600957 a composite number?
False
Is 6230887 composite?
True
Is 20957069 a prime number?
False
Is 2352689 prime?
True
Is 10179833 composite?
False
Is 43